{"id":658,"date":"2013-10-12T13:36:27","date_gmt":"2013-10-12T13:36:27","guid":{"rendered":"http:\/\/www.alpakahof-gruene-au.de\/zandt\/?page_id=658"},"modified":"2015-07-17T09:03:43","modified_gmt":"2015-07-17T09:03:43","slug":"bischof-rudolf-voderholzer-tragt-jetzt-alpakasocken","status":"publish","type":"page","link":"https:\/\/www.alpakahof-gruene-au.de\/zandt\/aktuelles\/bischof-rudolf-voderholzer-tragt-jetzt-alpakasocken\/","title":{"rendered":"Bischof Rudolf Voderholzer tr\u00e4gt jetzt Alpakasocken"},"content":{"rendered":"<p>Nach der Segnung des neuen Alpakastalls und der Tiere in St. Gunther \u00fcbergab Sonja Fr\u00fcchtl vom Alpakahof Gr\u00fcne Au,<\/p>\n<p>Herrn Bischof Voderholzer ein Paar Alpakasocken.<\/p>\n<p>Nach Aussage des Bischofs tr\u00e4gt er diese Socken ab jetzt zur Messe im Dom, weil er dort immer kalte F\u00fc\u00dfe habe.<\/p>\n<p><a href=\"http:\/\/www.alpakahof-gruene-au.de\/zandt\/wp-content\/uploads\/2013\/10\/Bischof-1.jpg\"><img loading=\"lazy\" decoding=\"async\" class=\"aligncenter size-medium wp-image-1213\" src=\"http:\/\/www.alpakahof-gruene-au.de\/zandt\/wp-content\/uploads\/2013\/10\/Bischof-1-300x224.jpg\" alt=\"Bischof (1)\" width=\"300\" height=\"224\" srcset=\"https:\/\/www.alpakahof-gruene-au.de\/zandt\/wp-content\/uploads\/2013\/10\/Bischof-1-300x224.jpg 300w, https:\/\/www.alpakahof-gruene-au.de\/zandt\/wp-content\/uploads\/2013\/10\/Bischof-1.jpg 640w\" sizes=\"(max-width: 300px) 100vw, 300px\" \/><\/a> <a href=\"http:\/\/www.alpakahof-gruene-au.de\/zandt\/wp-content\/uploads\/2013\/10\/Bischof-2.jpg\"><img loading=\"lazy\" decoding=\"async\" class=\"aligncenter size-medium wp-image-1214\" src=\"http:\/\/www.alpakahof-gruene-au.de\/zandt\/wp-content\/uploads\/2013\/10\/Bischof-2-224x300.jpg\" alt=\"Bischof (2)\" width=\"224\" height=\"300\" srcset=\"https:\/\/www.alpakahof-gruene-au.de\/zandt\/wp-content\/uploads\/2013\/10\/Bischof-2-224x300.jpg 224w, https:\/\/www.alpakahof-gruene-au.de\/zandt\/wp-content\/uploads\/2013\/10\/Bischof-2.jpg 484w\" sizes=\"(max-width: 224px) 100vw, 224px\" \/><\/a><\/p>\n","protected":false},"excerpt":{"rendered":"<p>Nach der Segnung des neuen Alpakastalls und der Tiere in St. Gunther \u00fcbergab Sonja Fr\u00fcchtl vom Alpakahof Gr\u00fcne Au, Herrn Bischof Voderholzer ein Paar Alpakasocken. Nach Aussage des Bischofs tr\u00e4gt er diese Socken ab jetzt zur Messe im Dom, weil er dort immer kalte F\u00fc\u00dfe habe.<\/p>\n","protected":false},"author":2,"featured_media":0,"parent":761,"menu_order":6,"comment_status":"closed","ping_status":"closed","template":"","meta":{"footnotes":""},"_links":{"self":[{"href":"https:\/\/www.alpakahof-gruene-au.de\/zandt\/wp-json\/wp\/v2\/pages\/658"}],"collection":[{"href":"https:\/\/www.alpakahof-gruene-au.de\/zandt\/wp-json\/wp\/v2\/pages"}],"about":[{"href":"https:\/\/www.alpakahof-gruene-au.de\/zandt\/wp-json\/wp\/v2\/types\/page"}],"author":[{"embeddable":true,"href":"https:\/\/www.alpakahof-gruene-au.de\/zandt\/wp-json\/wp\/v2\/users\/2"}],"replies":[{"embeddable":true,"href":"https:\/\/www.alpakahof-gruene-au.de\/zandt\/wp-json\/wp\/v2\/comments?post=658"}],"version-history":[{"count":9,"href":"https:\/\/www.alpakahof-gruene-au.de\/zandt\/wp-json\/wp\/v2\/pages\/658\/revisions"}],"predecessor-version":[{"id":1215,"href":"https:\/\/www.alpakahof-gruene-au.de\/zandt\/wp-json\/wp\/v2\/pages\/658\/revisions\/1215"}],"up":[{"embeddable":true,"href":"https:\/\/www.alpakahof-gruene-au.de\/zandt\/wp-json\/wp\/v2\/pages\/761"}],"wp:attachment":[{"href":"https:\/\/www.alpakahof-gruene-au.de\/zandt\/wp-json\/wp\/v2\/media?parent=658"}],"curies":[{"name":"wp","href":"https:\/\/api.w.org\/{rel}","templated":true}]}}