{"id":36,"date":"2011-01-13T12:29:08","date_gmt":"2011-01-13T12:29:08","guid":{"rendered":"http:\/\/www.alpakahof-gruene-au.de\/zandt\/?page_id=36"},"modified":"2021-06-06T11:26:36","modified_gmt":"2021-06-06T11:26:36","slug":"alpaka-wolle","status":"publish","type":"page","link":"https:\/\/www.alpakahof-gruene-au.de\/zandt\/alpaka-wolle\/","title":{"rendered":"Alpaka-Wolle"},"content":{"rendered":"<p style=\"text-align: center;\"><strong><span style=\"text-decoration: underline;\">Die Alpaka-Wolle <\/span><\/strong><\/p>\n<p style=\"text-align: center;\"><strong><\/strong><strong><span style=\"text-decoration: underline;\">= eine der edelsten Naturfasern <\/span><\/strong><\/p>\n<p style=\"text-align: center;\"><strong><span style=\"text-decoration: underline;\">= &#8222;das Gold der Inkas&#8220;<\/span><\/strong><\/p>\n<p style=\"text-align: center;\"><strong><\/strong><\/p>\n<p style=\"text-align: center;\"><em><span style=\"text-decoration: underline;\"><strong>Farbe:<\/strong><\/span><\/em><\/p>\n<p>&#8211; reinwei\u00df \u00fcber beige zu allen Braun- und Rotbraunt\u00f6nen bis hin zu<\/p>\n<p>Grauabstufungen und tiefschwarz<\/p>\n<p>&#8211; mehrfahrbige, gescheckte Tiere in vielen Variationen<\/p>\n<p style=\"text-align: center;\"><em><span style=\"text-decoration: underline;\"><strong>Wolle:<\/strong><\/span><\/em><\/p>\n<p>&#8211; werden in der Regel einmal j\u00e4hrlich geschoren (ca. 3 \u2013 6 kg Wolle)<\/p>\n<p>&#8211; Rohwolle wird zu hochwertigem Alpakagarn verarbeitet<\/p>\n<p>&#8211; Die innen hohle Faser speichert bei K\u00e4lte die K\u00f6rperw\u00e4rme<\/p>\n<p>besser als jede andere Wolle<\/p>\n<p>&#8211; Produkte aus Alpaka sind f\u00fcr ihre Langlebigkeit und<\/p>\n<p>Strapazierf\u00e4higkeit bekannt (z. B. Betten, Pullover)<\/p>\n<p>&#8211; Die Feuchtigkeitsaufnahme der Faser ist sehr gering,<\/p>\n<p>dadurch beh\u00e4lt das Kleidungsst\u00fcck die originalen Charakteristika<\/p>\n<p>&#8211; Die Fasern brennen nicht, enthalten kein Lanolin und<\/p>\n<p>gelten deshalb als <strong><span style=\"text-decoration: underline;\">antiallergisch<\/span><\/strong><\/p>\n","protected":false},"excerpt":{"rendered":"<p>Die Alpaka-Wolle = eine der edelsten Naturfasern = &#8222;das Gold der Inkas&#8220; Farbe: &#8211; reinwei\u00df \u00fcber beige zu allen Braun- und Rotbraunt\u00f6nen bis hin zu Grauabstufungen und tiefschwarz &#8211; mehrfahrbige, gescheckte Tiere in vielen Variationen Wolle: &#8211; werden in der Regel einmal j\u00e4hrlich geschoren (ca. 3 \u2013 6 kg Wolle) &#8211; Rohwolle wird zu hochwertigem &hellip; <a href=\"https:\/\/www.alpakahof-gruene-au.de\/zandt\/alpaka-wolle\/\" class=\"more-link\"><span class=\"screen-reader-text\">Alpaka-Wolle<\/span> weiterlesen <span class=\"meta-nav\">&rarr;<\/span><\/a><\/p>\n","protected":false},"author":2,"featured_media":0,"parent":0,"menu_order":4,"comment_status":"closed","ping_status":"closed","template":"","meta":{"footnotes":""},"_links":{"self":[{"href":"https:\/\/www.alpakahof-gruene-au.de\/zandt\/wp-json\/wp\/v2\/pages\/36"}],"collection":[{"href":"https:\/\/www.alpakahof-gruene-au.de\/zandt\/wp-json\/wp\/v2\/pages"}],"about":[{"href":"https:\/\/www.alpakahof-gruene-au.de\/zandt\/wp-json\/wp\/v2\/types\/page"}],"author":[{"embeddable":true,"href":"https:\/\/www.alpakahof-gruene-au.de\/zandt\/wp-json\/wp\/v2\/users\/2"}],"replies":[{"embeddable":true,"href":"https:\/\/www.alpakahof-gruene-au.de\/zandt\/wp-json\/wp\/v2\/comments?post=36"}],"version-history":[{"count":13,"href":"https:\/\/www.alpakahof-gruene-au.de\/zandt\/wp-json\/wp\/v2\/pages\/36\/revisions"}],"predecessor-version":[{"id":670,"href":"https:\/\/www.alpakahof-gruene-au.de\/zandt\/wp-json\/wp\/v2\/pages\/36\/revisions\/670"}],"wp:attachment":[{"href":"https:\/\/www.alpakahof-gruene-au.de\/zandt\/wp-json\/wp\/v2\/media?parent=36"}],"curies":[{"name":"wp","href":"https:\/\/api.w.org\/{rel}","templated":true}]}}