{"id":304,"date":"2013-01-17T08:14:37","date_gmt":"2013-01-17T08:14:37","guid":{"rendered":"http:\/\/www.alpakahof-gruene-au.de\/zandt\/?page_id=304"},"modified":"2016-03-11T18:01:42","modified_gmt":"2016-03-11T18:01:42","slug":"der-gesundheit-zuliebe-alpakawolle","status":"publish","type":"page","link":"https:\/\/www.alpakahof-gruene-au.de\/zandt\/alpaka-wolle\/der-gesundheit-zuliebe-alpakawolle\/","title":{"rendered":"Der Gesundheit zuliebe &#8211; Produkte aus\/mit Alpakawolle"},"content":{"rendered":"<p>Alpakawolle ist sehr <span style=\"text-decoration: underline;\">Temparatur ausgleichend<\/span>, das hei\u00dft, sie passt sich jeder <span style=\"text-decoration: underline;\">K\u00f6rpertemperatur<\/span> rasch an.<\/p>\n<p>Alpakawolle <span style=\"text-decoration: underline;\">erw\u00e4rmt<\/span> den K\u00f6rper schnell und <span style=\"text-decoration: underline;\">h\u00e4lt<\/span> die W\u00e4rme gut.<\/p>\n<p>Alpakawolle hat eine <span style=\"text-decoration: underline;\">heilende Wirkung<\/span>, da sie Schadstoffe aufnehmen und binden kann, ohne diese wieder abzugeben.<\/p>\n<p>Alpakawolle ist gut <span style=\"text-decoration: underline;\">luftdurchl\u00e4ssig<\/span> und besonders <span style=\"text-decoration: underline;\">atmungsaktiv<\/span>.<\/p>\n<p>Alpakawolle ist eine <span style=\"text-decoration: underline;\">Hohlfaser<\/span>, daher ist sie besonders <span style=\"text-decoration: underline;\">leicht<\/span>.<\/p>\n<p>Alpakawolle hat eine <span style=\"text-decoration: underline;\">hohe Feuchtigkeitsaufnahme<\/span>, ohne wirklich feucht zu sein und ist deshalb f\u00fcr <span style=\"text-decoration: underline;\">stark schwitzende Personen<\/span> geeignet.<\/p>\n<p>Alpakawolle schafft <span style=\"text-decoration: underline;\">gleichm\u00e4\u00dfiges Klima<\/span>.<\/p>\n<p>Alpakawolle hat einen nat\u00fcrlichen <span style=\"text-decoration: underline;\">Selbstreinigungseffekt<\/span> und ist von Natur aus <span style=\"text-decoration: underline;\">schmutzabweisend<\/span>.<\/p>\n<p>Alpakawolle ist <span style=\"text-decoration: underline;\">lange haltbar<\/span>.<\/p>\n<p>Unter einer Alpakabettdecke kann man zu jeder Jahreszeit schlafen, entscheidend ist die <span style=\"text-decoration: underline;\">Wollmenge<\/span> und die <span style=\"text-decoration: underline;\">Ausf\u00fchrung<\/span>.<\/p>\n","protected":false},"excerpt":{"rendered":"<p>Alpakawolle ist sehr Temparatur ausgleichend, das hei\u00dft, sie passt sich jeder K\u00f6rpertemperatur rasch an. Alpakawolle erw\u00e4rmt den K\u00f6rper schnell und h\u00e4lt die W\u00e4rme gut. Alpakawolle hat eine heilende Wirkung, da sie Schadstoffe aufnehmen und binden kann, ohne diese wieder abzugeben. Alpakawolle ist gut luftdurchl\u00e4ssig und besonders atmungsaktiv. Alpakawolle ist eine Hohlfaser, daher ist sie besonders &hellip; <a href=\"https:\/\/www.alpakahof-gruene-au.de\/zandt\/alpaka-wolle\/der-gesundheit-zuliebe-alpakawolle\/\" class=\"more-link\"><span class=\"screen-reader-text\">Der Gesundheit zuliebe &#8211; Produkte aus\/mit Alpakawolle<\/span> weiterlesen <span class=\"meta-nav\">&rarr;<\/span><\/a><\/p>\n","protected":false},"author":2,"featured_media":0,"parent":36,"menu_order":1,"comment_status":"closed","ping_status":"closed","template":"","meta":{"footnotes":""},"_links":{"self":[{"href":"https:\/\/www.alpakahof-gruene-au.de\/zandt\/wp-json\/wp\/v2\/pages\/304"}],"collection":[{"href":"https:\/\/www.alpakahof-gruene-au.de\/zandt\/wp-json\/wp\/v2\/pages"}],"about":[{"href":"https:\/\/www.alpakahof-gruene-au.de\/zandt\/wp-json\/wp\/v2\/types\/page"}],"author":[{"embeddable":true,"href":"https:\/\/www.alpakahof-gruene-au.de\/zandt\/wp-json\/wp\/v2\/users\/2"}],"replies":[{"embeddable":true,"href":"https:\/\/www.alpakahof-gruene-au.de\/zandt\/wp-json\/wp\/v2\/comments?post=304"}],"version-history":[{"count":8,"href":"https:\/\/www.alpakahof-gruene-au.de\/zandt\/wp-json\/wp\/v2\/pages\/304\/revisions"}],"predecessor-version":[{"id":1498,"href":"https:\/\/www.alpakahof-gruene-au.de\/zandt\/wp-json\/wp\/v2\/pages\/304\/revisions\/1498"}],"up":[{"embeddable":true,"href":"https:\/\/www.alpakahof-gruene-au.de\/zandt\/wp-json\/wp\/v2\/pages\/36"}],"wp:attachment":[{"href":"https:\/\/www.alpakahof-gruene-au.de\/zandt\/wp-json\/wp\/v2\/media?parent=304"}],"curies":[{"name":"wp","href":"https:\/\/api.w.org\/{rel}","templated":true}]}}