{"id":16,"date":"2010-06-21T07:58:29","date_gmt":"2010-06-21T07:58:29","guid":{"rendered":"http:\/\/www.alpakahof-gruene-au.de\/zandt\/?page_id=16"},"modified":"2016-01-02T15:11:28","modified_gmt":"2016-01-02T15:11:28","slug":"uber-alpakas","status":"publish","type":"page","link":"https:\/\/www.alpakahof-gruene-au.de\/zandt\/uber-alpakas\/","title":{"rendered":"\u00dcber Alpakas"},"content":{"rendered":"<p style=\"text-align: center;\"><strong><span style=\"text-decoration: underline;\">Alpaka = Lama pacos = Pako<\/span><\/strong><br \/>\n<strong>= eine aus den s\u00fcdamerikanischen Anden stammende<br \/>\nKamelform, die vorwiegend wegen ihrer Wolle gez\u00fcchtet wird<\/strong><\/p>\n<p><strong><em>Alpakatypen:<\/em><\/strong><br \/>\nAlapakas geh\u00f6ren zu den zwei Arten der Neuweltkameliden:<\/p>\n<p>o\u00a0\u00a0\u00a0\u00a0\u00a0\u00a0 <span style=\"text-decoration: underline;\">Huacaya-Alpaka: <\/span>feine, gleichm\u00e4\u00dfig gekr\u00e4uselte Faser (Crimp) und einige feine Grannenhaare (Deckhaare)<\/p>\n<p>o\u00a0\u00a0\u00a0\u00a0\u00a0\u00a0 <span style=\"text-decoration: underline;\">Suri-Alpaka: <\/span>keine Kr\u00e4uselung in der Faser, das Haar bildet gelockte, gerade Str\u00e4hnen, die am Tier herabh\u00e4ngen<\/p>\n<p><strong><em><span style=\"text-decoration: underline;\">Heimat:<\/span><\/em><\/strong><br \/>\n&#8211; S\u00fcdamerika (Chile, Peru und Bolivien)<br \/>\n&#8211; Weltweit gibt es etwa 3 Mio. Alpakas, in Deutschland ca. 10.000<\/p>\n<p><strong><em><span style=\"text-decoration: underline;\">Eigenschaften:<\/span><\/em><\/strong><br \/>\n&#8211; freundliche und gutm\u00fctige Wesen<br \/>\n&#8211; spucken nicht nach Menschen (nur bei Gefahr)<br \/>\n&#8211; intelligent, neugierig und liebevoll, beruhigende Art<br \/>\n&#8211; lieben Kinder, die am Umgang mit Alpakas sehr schnell besondere Freude finden<\/p>\n<p><strong><em><span style=\"text-decoration: underline;\">Merkmale K\u00f6rperbau:<\/span><\/em><\/strong>&#8211;<br \/>\n&#8211; relativ langgestreckte, schlanke Beine<br \/>\n&#8211; einen langen d\u00fcnnen Hals und einen kleinen dreieckigen Kopf<br \/>\n&#8211; keine H\u00f6cker<\/p>\n<p><strong><em><span style=\"text-decoration: underline;\">Alter &amp; Gr\u00f6\u00dfe:<\/span><\/em><\/strong><br \/>\n&#8211; 20 &#8211; 25 Jahre<br \/>\n&#8211; 60 \u2013 70 kg<\/p>\n<p><strong><em><span style=\"text-decoration: underline;\">Nahrung &amp; Weideleben:<\/span><\/em><\/strong><br \/>\n&#8211; Hauptnahrung Gras und Heu<br \/>\n&#8211; sie k\u00f6nnen normalerweise das ganze Jahr \u00fcber im Freien sein<br \/>\n&#8211; eine \u201eBadeecke\u201c aus feinem Sand, zur Woll- und Fellreinigung wird mehrmals am Tag zum beliebten Tummelplatz der Herde<\/p>\n<p><strong><em><span style=\"text-decoration: underline;\">Fohlen:<\/span><\/em><\/strong>&#8211;<br \/>\n&#8211; Tragezeit der Stute 11,5 Monate-<br \/>\n&#8211; Bekommt in der Regel nur ein Fohlen mit ca. 8kg-<br \/>\n&#8211; Kurz nach der Geburt l\u00e4uft das Fohlen bereits und s\u00e4ugt bei der Mutter-<br \/>\n&#8211; Jungtiere werden \u201eCrias\u201c genannt, Stuten \u201eHembras\u201c, Hengste \u201eMachos\u201c-<br \/>\n&#8211; Die Geburt findet bei Tageslicht, meistens am Vormittag statt, damit das Fohlen von der Sonne gew\u00e4rmt und getrocknet werden kann-<br \/>\n&#8211; Nach 2-3 Wochen ist die Stute wieder bereit aufzunehmen<\/p>\n<p><strong><em><span style=\"text-decoration: underline;\">Pflege:<\/span><\/em><\/strong><br \/>\n&#8211; j\u00e4hrliches Scheren, Entwurmen, Impfen und regelm\u00e4\u00dfiges Schneiden der Zehenn\u00e4gel<\/p>\n<p class=\"MsoNormal\" style=\"margin: 0cm 0cm 0pt;\">\n","protected":false},"excerpt":{"rendered":"<p>Alpaka = Lama pacos = Pako = eine aus den s\u00fcdamerikanischen Anden stammende Kamelform, die vorwiegend wegen ihrer Wolle gez\u00fcchtet wird Alpakatypen: Alapakas geh\u00f6ren zu den zwei Arten der Neuweltkameliden: o\u00a0\u00a0\u00a0\u00a0\u00a0\u00a0 Huacaya-Alpaka: feine, gleichm\u00e4\u00dfig gekr\u00e4uselte Faser (Crimp) und einige feine Grannenhaare (Deckhaare) o\u00a0\u00a0\u00a0\u00a0\u00a0\u00a0 Suri-Alpaka: keine Kr\u00e4uselung in der Faser, das Haar bildet gelockte, gerade Str\u00e4hnen, &hellip; <a href=\"https:\/\/www.alpakahof-gruene-au.de\/zandt\/uber-alpakas\/\" class=\"more-link\"><span class=\"screen-reader-text\">\u00dcber Alpakas<\/span> weiterlesen <span class=\"meta-nav\">&rarr;<\/span><\/a><\/p>\n","protected":false},"author":1,"featured_media":0,"parent":0,"menu_order":2,"comment_status":"closed","ping_status":"closed","template":"","meta":{"footnotes":""},"_links":{"self":[{"href":"https:\/\/www.alpakahof-gruene-au.de\/zandt\/wp-json\/wp\/v2\/pages\/16"}],"collection":[{"href":"https:\/\/www.alpakahof-gruene-au.de\/zandt\/wp-json\/wp\/v2\/pages"}],"about":[{"href":"https:\/\/www.alpakahof-gruene-au.de\/zandt\/wp-json\/wp\/v2\/types\/page"}],"author":[{"embeddable":true,"href":"https:\/\/www.alpakahof-gruene-au.de\/zandt\/wp-json\/wp\/v2\/users\/1"}],"replies":[{"embeddable":true,"href":"https:\/\/www.alpakahof-gruene-au.de\/zandt\/wp-json\/wp\/v2\/comments?post=16"}],"version-history":[{"count":12,"href":"https:\/\/www.alpakahof-gruene-au.de\/zandt\/wp-json\/wp\/v2\/pages\/16\/revisions"}],"predecessor-version":[{"id":1496,"href":"https:\/\/www.alpakahof-gruene-au.de\/zandt\/wp-json\/wp\/v2\/pages\/16\/revisions\/1496"}],"wp:attachment":[{"href":"https:\/\/www.alpakahof-gruene-au.de\/zandt\/wp-json\/wp\/v2\/media?parent=16"}],"curies":[{"name":"wp","href":"https:\/\/api.w.org\/{rel}","templated":true}]}}

Über Alpakas

<p style="text-align: center;"><strong><span style="text-decoration: underline;">Alpaka = Lama pacos = Pako</span></strong><br />
<strong>= eine aus den südamerikanischen Anden stammende<br />
Kamelform, die vorwiegend wegen ihrer Wolle gezüchtet wird</strong></p>
<p><strong><em>Alpakatypen:</em></strong><br />
Alapakas gehören zu den zwei Arten der Neuweltkameliden:</p>
<p>o       <span style="text-decoration: underline;">Huacaya-Alpaka: </span>feine, gleichmäßig gekräuselte Faser (Crimp) und einige feine Grannenhaare (Deckhaare)</p>
<p>o       <span style="text-decoration: underline;">Suri-Alpaka: </span>keine Kräuselung in der Faser, das Haar bildet gelockte, gerade Strähnen, die am Tier herabhängen</p>
<p><strong><em><span style="text-decoration: underline;">Heimat:</span></em></strong><br />
&#8211; Südamerika (Chile, Peru und Bolivien)<br />
&#8211; Weltweit gibt es etwa 3 Mio. Alpakas, in Deutschland ca. 10.000</p>
<p><strong><em><span style="text-decoration: underline;">Eigenschaften:</span></em></strong><br />
&#8211; freundliche und gutmütige Wesen<br />
&#8211; spucken nicht nach Menschen (nur bei Gefahr)<br />
&#8211; intelligent, neugierig und liebevoll, beruhigende Art<br />
&#8211; lieben Kinder, die am Umgang mit Alpakas sehr schnell besondere Freude finden</p>
<p><strong><em><span style="text-decoration: underline;">Merkmale Körperbau:</span></em></strong>&#8211;<br />
&#8211; relativ langgestreckte, schlanke Beine<br />
&#8211; einen langen dünnen Hals und einen kleinen dreieckigen Kopf<br />
&#8211; keine Höcker</p>
<p><strong><em><span style="text-decoration: underline;">Alter &amp; Größe:</span></em></strong><br />
&#8211; 20 &#8211; 25 Jahre<br />
&#8211; 60 – 70 kg</p>
<p><strong><em><span style="text-decoration: underline;">Nahrung &amp; Weideleben:</span></em></strong><br />
&#8211; Hauptnahrung Gras und Heu<br />
&#8211; sie können normalerweise das ganze Jahr über im Freien sein<br />
&#8211; eine „Badeecke“ aus feinem Sand, zur Woll- und Fellreinigung wird mehrmals am Tag zum beliebten Tummelplatz der Herde</p>
<p><strong><em><span style="text-decoration: underline;">Fohlen:</span></em></strong>&#8211;<br />
&#8211; Tragezeit der Stute 11,5 Monate-<br />
&#8211; Bekommt in der Regel nur ein Fohlen mit ca. 8kg-<br />
&#8211; Kurz nach der Geburt läuft das Fohlen bereits und säugt bei der Mutter-<br />
&#8211; Jungtiere werden „Crias“ genannt, Stuten „Hembras“, Hengste „Machos“-<br />
&#8211; Die Geburt findet bei Tageslicht, meistens am Vormittag statt, damit das Fohlen von der Sonne gewärmt und getrocknet werden kann-<br />
&#8211; Nach 2-3 Wochen ist die Stute wieder bereit aufzunehmen</p>
<p><strong><em><span style="text-decoration: underline;">Pflege:</span></em></strong><br />
&#8211; jährliches Scheren, Entwurmen, Impfen und regelmäßiges Schneiden der Zehennägel</p>
<p class="MsoNormal" style="margin: 0cm 0cm 0pt;">

<p>Alpaka = Lama pacos = Pako = eine aus den südamerikanischen Anden stammende Kamelform, die vorwiegend wegen ihrer Wolle gezüchtet wird Alpakatypen: Alapakas gehören zu den zwei Arten der Neuweltkameliden: o       Huacaya-Alpaka: feine, gleichmäßig gekräuselte Faser (Crimp) und einige feine Grannenhaare (Deckhaare) o       Suri-Alpaka: keine Kräuselung in der Faser, das Haar bildet gelockte, gerade Strähnen, &hellip; <a href="https://www.alpakahof-gruene-au.de/zandt/uber-alpakas/" class="more-link"><span class="screen-reader-text">Über Alpakas</span> weiterlesen <span class="meta-nav">&rarr;</span></a></p>
